4159242 = -12*f. Is f a composite number?
False
Let a(t) = -t**2 - 21*t - 52. Let i be a(-3). Is (i/(-1))/(62/(-16151)) a composite number?
False
Let t(l) = -2*l**3 + 4*l**2 + 7*l - 10. Let d = -342 + 334. Is t(d) a composite number?
True
Is (-1)/(-4) - -266745*8/96 composite?
False
Suppose 2 + 1 = -3*k, z = -5*k - 161. Let x be (508 - 1) + -4 + (7 - -1). Let a = x - z. Is a a composite number?
True
Let h = 117167 + 79262. Is h a composite number?
False
Let o be (-5)/((-15)/(-3)) + 4. Suppose -o*u = 1 - 7. Is u/6 - 7998/(-9) a prime number?
False
Let l(q) be the second derivative of 2477*q**5/20 - q**4/6 - q**3/3 + q**2 + 13*q. Let m be l(1). Suppose 290 = 5*x - m. Is x a prime number?
False
Let z be (-581)/(-1) - (2 + -6). Suppose -10 + z = 5*x. Let v = 90 + x. Is v prime?
False
Let t = 664 - 930. Let m = 491 - t. Is m prime?
True
Is (-66)/792 - 58045/(-12) a composite number?
True
Is (-50782)/(-6)*(90 - 69) prime?
False
Suppose 0 = 66*r - 64*r - 1042. Is r*6/(6 + 0) composite?
False
Let x(l) be the third derivative of 34*l**5/15 + l**4/12 + 23*l**3/6 - 9*l**2 + 2*l. Is x(-5) prime?
True
Let y = -25974 + 179585. Is y a composite number?
False
Let t be -1 + (-65)/(-75) - (-10264)/30. Let q = -2600 - t. Is (-26 + 23)*q/6 a prime number?
True
Let l be (5 + (-2)/2)*20/16. Suppose -2*q = l*q - 21217. Is q a prime number?
False
Let u be 144/648 - (-874105)/9. Suppose u = 4*x + 3*o - 12507, -4*o - 54826 = -2*x. Is x a composite number?
False
Suppose -25054 = 15*v - 218239. Suppose -f + g + g = -v, -2*g - 25760 = -2*f. Is f prime?
False
Is (-8555382)/(-26) - (-6 - 640/(-104)) prime?
True
Let v = -7958 - -10017. Is v a composite number?
True
Suppose u + 7*u = -512. Let d = 16 - u. Is ((-420)/d)/((-2)/8) prime?
False
Let o be (1/(-1))/(12/(-60)). Suppose 0 = -o*d + 2*i - 8, i + 4 = -d + 2*i. Suppose -5*k + 5990 + 9335 = d. Is k a prime number?
False
Suppose -53*v + 3*i + 63535 = -52*v, 0 = -3*i - 12. Is v composite?
True
Suppose -v + 28036 + 14748 = 3*r, r + 171201 = 4*v. Is v a composite number?
True
Let u(h) = -55*h**3 - 3*h**2 - 2*h + 1. Let z be u(-1). Is ((-22)/z)/((12/225410)/(-3)) a prime number?
True
Is 8654/4*(9/(-6) - 95/(-2)) a composite number?
True
Let k = -145 - -207. Is 337156/k - (-2)/(-2) a composite number?
False
Let u(x) = -5*x**3 + x**2 - 2*x - 3. Let v be u(-1). Suppose v*d - 1137 = -t, 2*t - 541 = 3*d + 1798. Suppose t = -5*a + 4067. Is a a composite number?
True
Let j = 175 + -170. Suppose 0 = -j*s + t + 9924, 5954 = 5*s - 2*s - t. Is s composite?
True
Let f(o) be the first derivative of o**2 - 34*o - 2. Let v be f(19). Suppose -946 = -2*s - 2*s + 3*z, 2*z = -v. Is s prime?
False
Is (4 + -3)*16/(208/4525001) composite?
False
Suppose -2*q + 266 = -5*f - 376, 4 = f. Let g = -8 - -54. Let d = q + g. Is d composite?
True
Let j(r) be the first derivative of -24 - 13*r - 1/3*r**3 + 1/4*r**4 - 3*r**2. Is j(6) composite?
False
Is (286383/(-4))/(361/(-76) - -4) a prime number?
True
Suppose 4*n - 3*c - 2*c - 100935 = 0, -2*n - 2*c + 50472 = 0. Let s = -15228 + n. Is s a composite number?
False
Suppose -7 = -5*l - 2*c, -12*c = -14*c - 8. Suppose 0 = l*x - 1669 - 998. Is x prime?
False
Suppose 0 = -3*u - 4*f + 103183, 2*u = 23*f - 22*f + 68785. Is u a composite number?
True
Let i = -268 - -293. Is (-5494)/(-5) + -2 + 5/i prime?
True
Let s = 106980 + -14101. Is s composite?
True
Let f = 266651 + -184264. Is f a prime number?
True
Is (1/1*1)/(12/3815436) a prime number?
False
Let h(s) = -401*s + 27. Let t = 34 - 29. Let f(r) = 601*r - 40. Let w(m) = t*f(m) + 8*h(m). Is w(-9) composite?
True
Let m = -81428 + 231745. Is m composite?
True
Suppose -5*m + 394 = 29. Suppose 114 = q - 5. Let f = q - m. Is f a prime number?
False
Let b(t) = -3*t**3 + 7*t**2 + 29*t - 110. Is b(-21) a prime number?
False
Suppose -9*a = -125880 - 68760 + 2733. Is a prime?
True
Let q = 1525 - -422. Let f = q + -1262. Is f composite?
True
Let h(i) = 1869*i + 1292. Is h(3) a prime number?
True
Suppose 4*p - 2*t - 20 = 0, 5*p = -5*t - 4 - 1. Let s(d) = 7*d**p - 4 - 2*d**2 - 10 - 4*d + 9 + 11*d**3. Is s(6) a prime number?
False
Suppose 4*c + q = 5*q + 18892, 0 = -c - 2*q + 4711. Suppose -2*j = -u + c, -j = u - 2242 - 2480. Is u composite?
False
Let r be 369*22 + 7/7. Suppose 4*a + h - 7285 = 3531, 3*a - h = r. Is a prime?
False
Let a = 9499 - 4774. Suppose 5*d = 4*i + 2084 + a, 2*i + 2724 = 2*d. Is d prime?
True
Let q = 499 - 74. Suppose 13*b + 342 = -q. Let r = b + 270. Is r composite?
False
Suppose 3*h - 379 = -70. Let k = 694 + h. Is k prime?
True
Let i = 123 + -217. Let h = 63 - i. Is h prime?
True
Let b(g) = g**2 - 2*g + 1. Let t(n) = -129*n**2 - 22*n + 36. Let h(d) = 5*b(d) - t(d). Is h(-6) a prime number?
True
Suppose g - 23276 - 31995 = 4*r, -2*r = -4*g + 221154. Is g a prime number?
True
Suppose -2*n - 22 = -2*h, -2 - 33 = -3*h + n. Suppose -5005 = h*z - 16513. Is z prime?
False
Let o(y) be the third derivative of -y**6/120 - 9*y**5/20 - y**4/24 - y**3/3 - 2*y**2 + 19. Is o(-29) a prime number?
True
Let s be 42/(-7)*(-18)/12. Suppose 0 = -7*m - s*m + 18608. Is m composite?
False
Let y be -1 - 9*((-52)/(-12) + -5). Let m = 7115 - 77. Suppose m = y*r + 1843. Is r a composite number?
False
Suppose 0*j - 139 = -j - 5*u, -4*j = -2*u - 600. Let f(s) = 24*s**2 + 5*s + 3. Let h be f(5). Let z = h - j. Is z a prime number?
True
Let o(d) = d**3 - 6*d**2 - 7*d + 1. Let a be o(7). Let k be a/(-2)*(-1 - -3). Is 0 - (-3 - k) - (-634 - -2) a prime number?
False
Suppose 8*l - 28718462 = -30*l. Is l prime?
False
Let l(q) = -q**3 - 2*q + 5153. Suppose -2*y - 3*w - 2*w = 244, -5*w = -4*y - 458. Let d = 117 + y. Is l(d) prime?
True
Suppose 0 = -5*k + 5 + 5. Suppose 1095 = -u + 2*u - 5*h, -2*u = k*h - 2214. Suppose -2*t = -y - u, 0*y - 3*y = -4*t + 2209. Is t a composite number?
True
Is (-4595154)/(-12) + (-1)/(3 - (-91)/(-35)) a composite number?
True
Let o = 18 - 14. Suppose w = -q + 3, 3*q - 3 = -o*w + 10. Is (q/(-2 - 1))/((-20)/(-20820)) prime?
True
Suppose 16*l = 21*l + 1695. Let g = 1005 - -277. Let f = g + l. Is f composite?
True
Let i(x) = 77*x + 161*x + 595 - 620. Is i(15) prime?
False
Let b = -46 - -213. Let i = 1456 + b. Is i composite?
True
Let b(n) = n**3 - 2*n**2 - 3*n + 8. Let c be b(2). Is (c + -5905)/((-2)/4*2) a prime number?
True
Suppose -4*r - l = 2*l - 24, 0 = -2*r + 4*l + 34. Is 124571/r + 6/(-27) composite?
False
Let r = -702 - -705. Suppose -f = r*s - 12412, 49681 = 4*f - 6*s + 7*s. Is f composite?
False
Suppose -75*r = 26*r - 834563. Is r composite?
False
Let u be 723/18 + (-14)/84. Suppose 20205 = 5*t - 4*g, -45*t + u*t = 4*g - 20165. Is t prime?
False
Let m(x) = -47273*x - 4088. Is m(-5) a prime number?
False
Let n = 17 - 52. Let s be (-29247)/(-7) - (-5)/n. Suppose 2*x - 11*l - 1672 = -9*l, 5*x - 3*l = s. Is x prime?
False
Let q be (-62592)/42 - (-4)/14. Let t = 5263 - q. Is t composite?
True
Suppose 2*n - 4*r = 2940, -3*n + 3*r = 2415 - 6819. Let x = n - -540. Suppose -x = -3*v + j, 2*j = v - 3*j - 692. Is v a composite number?
True
Let z(w) = -w**2 - 18*w - 41. Let t be z(-15). Suppose -t*f + 13*l + 21724 = 15*l, 3*l - 27155 = -5*f. Is f a prime number?
True
Let r(h) = h**3 - 7*h**2 + 6*h + 3. Let u be r(6). Let t be (-10)/((-280)/2364) + 8/14. Is ((2 - u)*-7)/(5/t) a prime number?
False
Let r(l) = l**3 + 5*l**2 + 4*l + 32. Let x be r(-5). Let z(d) = 81*d + 77. Is z(x) a composite number?
False
Let u(p) = -14 + 0 + 220*p - 9 - 8 - 2026*p. Is u(-5) composite?
False
Let j(h) = 16705*h**2 - 15*h - 41. Is j(-3) a composite number?
True
Suppose 43*j = 48*j - 2870. Is 0 + (-3 + j)*(-6)/(-6) a composite number?
False
Let h(t) = 529*t - 117. Let l be h(-4). Let y = 7934 + l. Is y prime?
True
Let o be (-8)/(-8) - (-1)/1. Let x be (-5)/o + 21/(-2). Is (1/(-3))/(x/21567) a prime number?
False
Let x(s) be the second derivative of 13*s**3/2 - 67*s**2/2 + 3283*s. Let u(r) = 3*r - 2. Let b be u(6). Is x(b) a composite number?
False
Let c = 110 - 106. Suppose -4*x + 561 = -3*r, 7*r + 560 = c*x + 3*r. Is x a prime number?
False
Suppose 25163591 - 19352025 = 18*p - 29249032. Is p a composite number?
False
Let v(l) = -6*l**3 - l**2 - l - 1. Let s be v(-1). Suppose -s*b + 1 = -39. Is (8/(-12))/(b/(-2652)) prime?
False
Let a = -76280 + 209583. Is a a composite number?
False